{"id":423,"date":"2013-08-14T14:45:27","date_gmt":"2013-08-14T13:45:27","guid":{"rendered":"http:\/\/wp2.ebg-schoenberg.com\/?page_id=423"},"modified":"2023-07-13T22:12:27","modified_gmt":"2023-07-13T20:12:27","slug":"links","status":"publish","type":"page","link":"https:\/\/ebg-schoenberg.com\/?page_id=423","title":{"rendered":"Bildungsserver MV"},"content":{"rendered":"<ul>\n<li>Pr\u00fcfungstermine, Ferientermine und viele weitere Informationen zum Abitur und Abschl\u00fcssen k\u00f6nnen auch auf dem Bildungsserver nachgelesen werden. Den Bildungsserver erreicht ihr unter: <a href=\"http:\/\/www.bildung-mv.de\" target=\"_blank\" rel=\"noopener\">www.bildung-mv.de<\/a><\/li>\n<\/ul>\n","protected":false},"excerpt":{"rendered":"<p>Pr\u00fcfungstermine, Ferientermine und viele weitere Informationen zum Abitur und Abschl\u00fcssen k\u00f6nnen auch auf dem Bildungsserver nachgelesen werden. Den Bildungsserver erreicht ihr unter: www.bildung-mv.de<\/p>\n","protected":false},"author":1,"featured_media":0,"parent":0,"menu_order":0,"comment_status":"closed","ping_status":"closed","template":"","meta":{"footnotes":""},"class_list":["post-423","page","type-page","status-publish","hentry"],"_links":{"self":[{"href":"https:\/\/ebg-schoenberg.com\/index.php?rest_route=\/wp\/v2\/pages\/423","targetHints":{"allow":["GET"]}}],"collection":[{"href":"https:\/\/ebg-schoenberg.com\/index.php?rest_route=\/wp\/v2\/pages"}],"about":[{"href":"https:\/\/ebg-schoenberg.com\/index.php?rest_route=\/wp\/v2\/types\/page"}],"author":[{"embeddable":true,"href":"https:\/\/ebg-schoenberg.com\/index.php?rest_route=\/wp\/v2\/users\/1"}],"replies":[{"embeddable":true,"href":"https:\/\/ebg-schoenberg.com\/index.php?rest_route=%2Fwp%2Fv2%2Fcomments&post=423"}],"version-history":[{"count":11,"href":"https:\/\/ebg-schoenberg.com\/index.php?rest_route=\/wp\/v2\/pages\/423\/revisions"}],"predecessor-version":[{"id":13736,"href":"https:\/\/ebg-schoenberg.com\/index.php?rest_route=\/wp\/v2\/pages\/423\/revisions\/13736"}],"wp:attachment":[{"href":"https:\/\/ebg-schoenberg.com\/index.php?rest_route=%2Fwp%2Fv2%2Fmedia&parent=423"}],"curies":[{"name":"wp","href":"https:\/\/api.w.org\/{rel}","templated":true}]}}