{"id":15346,"date":"2026-01-15T06:16:39","date_gmt":"2026-01-15T05:16:39","guid":{"rendered":"https:\/\/ebg-schoenberg.com\/?page_id=15346"},"modified":"2026-01-15T09:53:12","modified_gmt":"2026-01-15T08:53:12","slug":"berufsberater","status":"publish","type":"page","link":"https:\/\/ebg-schoenberg.com\/?page_id=15346","title":{"rendered":"Berufsberater"},"content":{"rendered":"\n<p>Herr Wolter von der Bundesagentur f\u00fcr Arbeit unterst\u00fctzt Sch\u00fclerinnen und Sch\u00fcler an unserer Schule in puncto Berufsberatung. Er ist regelm\u00e4\u00dfig an unsere Schule und kann f\u00fcr Beratungszwecke direkt kontaktiert werden.<\/p>\n\n\n\n<figure class=\"wp-block-image size-full\"><img loading=\"lazy\" decoding=\"async\" width=\"2560\" height=\"1766\" src=\"https:\/\/ebg-schoenberg.com\/wp-content\/uploads\/2026\/01\/image001-scaled.jpg\" alt=\"\" class=\"wp-image-15347\" srcset=\"https:\/\/ebg-schoenberg.com\/wp-content\/uploads\/2026\/01\/image001-scaled.jpg 2560w, https:\/\/ebg-schoenberg.com\/wp-content\/uploads\/2026\/01\/image001-768x530.jpg 768w, https:\/\/ebg-schoenberg.com\/wp-content\/uploads\/2026\/01\/image001-1536x1060.jpg 1536w, https:\/\/ebg-schoenberg.com\/wp-content\/uploads\/2026\/01\/image001-2048x1413.jpg 2048w\" sizes=\"auto, (max-width: 2560px) 100vw, 2560px\" \/><\/figure>\n","protected":false},"excerpt":{"rendered":"<p>Herr Wolter von der Bundesagentur f\u00fcr Arbeit unterst\u00fctzt Sch\u00fclerinnen und Sch\u00fcler an unserer Schule in puncto Berufsberatung. Er ist regelm\u00e4\u00dfig an unsere Schule und kann f\u00fcr Beratungszwecke direkt kontaktiert werden.<\/p>\n","protected":false},"author":111,"featured_media":0,"parent":0,"menu_order":0,"comment_status":"closed","ping_status":"closed","template":"","meta":{"footnotes":""},"class_list":["post-15346","page","type-page","status-publish","hentry"],"_links":{"self":[{"href":"https:\/\/ebg-schoenberg.com\/index.php?rest_route=\/wp\/v2\/pages\/15346","targetHints":{"allow":["GET"]}}],"collection":[{"href":"https:\/\/ebg-schoenberg.com\/index.php?rest_route=\/wp\/v2\/pages"}],"about":[{"href":"https:\/\/ebg-schoenberg.com\/index.php?rest_route=\/wp\/v2\/types\/page"}],"author":[{"embeddable":true,"href":"https:\/\/ebg-schoenberg.com\/index.php?rest_route=\/wp\/v2\/users\/111"}],"replies":[{"embeddable":true,"href":"https:\/\/ebg-schoenberg.com\/index.php?rest_route=%2Fwp%2Fv2%2Fcomments&post=15346"}],"version-history":[{"count":2,"href":"https:\/\/ebg-schoenberg.com\/index.php?rest_route=\/wp\/v2\/pages\/15346\/revisions"}],"predecessor-version":[{"id":15350,"href":"https:\/\/ebg-schoenberg.com\/index.php?rest_route=\/wp\/v2\/pages\/15346\/revisions\/15350"}],"wp:attachment":[{"href":"https:\/\/ebg-schoenberg.com\/index.php?rest_route=%2Fwp%2Fv2%2Fmedia&parent=15346"}],"curies":[{"name":"wp","href":"https:\/\/api.w.org\/{rel}","templated":true}]}}