{"id":14594,"date":"2024-08-31T12:40:36","date_gmt":"2024-08-31T10:40:36","guid":{"rendered":"https:\/\/ebg-schoenberg.com\/?page_id=14594"},"modified":"2025-07-26T15:13:50","modified_gmt":"2025-07-26T13:13:50","slug":"schuljahr-2024-25","status":"publish","type":"page","link":"https:\/\/ebg-schoenberg.com\/?page_id=14594","title":{"rendered":"Schuljahr 2024\/2025"},"content":{"rendered":"\n<ul class=\"wp-block-list\">\n<li><a href=\"https:\/\/ebg-schoenberg.com\/?p=15077\" data-type=\"post\" data-id=\"15077\">Feriengru\u00df &amp; Hinweise f\u00fcr die neuen Klassen 7<\/a> (26.05.2025)<\/li>\n\n\n\n<li><a href=\"https:\/\/ebg-schoenberg.com\/?p=15069\" data-type=\"post\" data-id=\"15069\">Herzlichen Gl\u00fcckwunsch, Abiturientia 2025!<\/a> (24.07.2025)<\/li>\n\n\n\n<li><a href=\"https:\/\/ebg-schoenberg.com\/?p=15064\" data-type=\"post\" data-id=\"15064\">Einladung \u201eVon ChatGPT bis DALL-E: KI, Datenschutz &amp; Urheberrecht im \u00dcberblick\u201c<\/a> (16.07.2025)<\/li>\n\n\n\n<li><a href=\"https:\/\/ebg-schoenberg.com\/?p=15027\" data-type=\"post\" data-id=\"15027\">Sommerkonzert 2025<\/a> (01.07.2025)<\/li>\n\n\n\n<li><a href=\"https:\/\/ebg-schoenberg.com\/?p=15012\" data-type=\"post\" data-id=\"15012\">Erfolgreiches Landesfinale f\u00fcr das EBG bei \u201eJugend trainiert f\u00fcr Olympia\u201c<\/a> (15.06.2025)<\/li>\n\n\n\n<li><a href=\"https:\/\/ebg-schoenberg.com\/?p=15008\" data-type=\"post\" data-id=\"15008\">Einladung zum Sommerkonzert 2025<\/a> (05.06.2025)<\/li>\n\n\n\n<li><a href=\"https:\/\/ebg-schoenberg.com\/?p=15002\" data-type=\"post\" data-id=\"15002\">Einladung zur Berufsinfob\u00f6rse in Wismar<\/a> (04.06.2025)<\/li>\n\n\n\n<li><a href=\"https:\/\/ebg-schoenberg.com\/?p=14979\" data-type=\"post\" data-id=\"14979\">Sportfest 2025<\/a> (22.05.2025)<\/li>\n\n\n\n<li><a href=\"https:\/\/ebg-schoenberg.com\/?p=14968\" data-type=\"post\" data-id=\"14968\">Wo befindet sich das \u201eGed\u00e4chtnis unseres Bundeslandes MV\u201c?<\/a> (14.05.2025)<\/li>\n\n\n\n<li><a href=\"https:\/\/ebg-schoenberg.com\/?p=14939\" data-type=\"post\" data-id=\"14939\">Projekttag der Klassenstufe 8 in L\u00fcbeck<\/a> (29.04.2025)<\/li>\n\n\n\n<li><a href=\"https:\/\/ebg-schoenberg.com\/?p=14930\" data-type=\"post\" data-id=\"14930\">Preisverleihung des K\u00e4nguru-Wettbewerbs 2025<\/a> (27.04.2025)<\/li>\n\n\n\n<li><a href=\"https:\/\/ebg-schoenberg.com\/?p=14924\" data-type=\"post\" data-id=\"14924\">\u201eJtfO\u201c Fu\u00dfball: Kreisfinale in Wismar \u2013 starke Leistung, ungl\u00fcckliches Ergebnis<\/a> (11.04.2025)<\/li>\n\n\n\n<li><a href=\"https:\/\/ebg-schoenberg.com\/?p=14915\" data-type=\"post\" data-id=\"14915\">Jugendprojekt VOICE YOURSELF: Stimm- &amp; Soundworkshop<\/a> (01.04.2025)<\/li>\n\n\n\n<li><a href=\"https:\/\/ebg-schoenberg.com\/?p=14894\" data-type=\"post\" data-id=\"14894\">Projektvorstellungen zu den \u201eGoldenen 20er-Jahren\u201c<\/a> (25.03.2025)<\/li>\n\n\n\n<li><a href=\"https:\/\/ebg-schoenberg.com\/?p=14888\" data-type=\"post\" data-id=\"14888\">Demokratietag 2025 \u2013 Ein Tag f\u00fcr die Demokratie<\/a> (20.03.2025)<\/li>\n\n\n\n<li><a href=\"https:\/\/ebg-schoenberg.com\/?p=14878\" data-type=\"post\" data-id=\"14878\">EBG-Team nimmt erfolgreich an Hacking-Wettbewerb teil<\/a> (13.03.2025)<\/li>\n\n\n\n<li><a href=\"https:\/\/ebg-schoenberg.com\/?p=14865\" data-type=\"post\" data-id=\"14865\">Juniorwahl 2025 am EBG<\/a> (23.02.2025)<\/li>\n\n\n\n<li><a href=\"https:\/\/ebg-schoenberg.com\/?p=14854\" data-type=\"post\" data-id=\"14854\">Spannende Volleyball-Duelle beim Regionalfinale<\/a> (18.02.2025)<\/li>\n\n\n\n<li><a href=\"https:\/\/ebg-schoenberg.com\/?p=14846\" data-type=\"post\" data-id=\"14846\">Preisverleihung des Informatik-Biber-Wettbewerbs 2024<\/a> (04.02.2025)<\/li>\n\n\n\n<li><a href=\"https:\/\/ebg-schoenberg.com\/?p=14835\" data-type=\"post\" data-id=\"14835\">Spannende Podiumsdiskussion zur Bundestagswahl<\/a> (29.01.2025)<\/li>\n\n\n\n<li><a href=\"https:\/\/ebg-schoenberg.com\/?p=14826\" data-type=\"post\" data-id=\"14826\">MV \u00fcbernimmt Pr\u00e4sidentschaft der KMK f\u00fcr 2025<\/a> (21.01.2025)<\/li>\n\n\n\n<li><a href=\"https:\/\/ebg-schoenberg.com\/?p=14801\" data-type=\"post\" data-id=\"14801\">Tag der offenen T\u00fcr am 14.01.2025<\/a> (09.01.2025)<\/li>\n\n\n\n<li><a href=\"https:\/\/ebg-schoenberg.com\/?p=14792\" data-type=\"post\" data-id=\"14792\">Weihnachtsgr\u00fc\u00dfe<\/a> (20.12.2024)<\/li>\n\n\n\n<li><a href=\"https:\/\/ebg-schoenberg.com\/?p=14787\" data-type=\"post\" data-id=\"14787\">Podiumsdiskussion zur Bundestagswahl<\/a> (14.12.2024)<\/li>\n\n\n\n<li><a href=\"https:\/\/ebg-schoenberg.com\/?p=14743\" data-type=\"post\" data-id=\"14743\">Impressionen vom Weihnachtskonzert 2024<\/a> (08.12.2024)<\/li>\n\n\n\n<li><a href=\"https:\/\/ebg-schoenberg.com\/?p=14727\" data-type=\"post\" data-id=\"14727\">Volleyball-Erfolge bei \u201eJugend trainiert f\u00fcr Olympia\u201c<\/a> (18.11.2024)<\/li>\n\n\n\n<li><a href=\"https:\/\/ebg-schoenberg.com\/?p=14695\" data-type=\"post\" data-id=\"14695\">Erste Volleyballnacht am EBG ist voller Erfolg<\/a> (17.11.2024)<\/li>\n\n\n\n<li><a href=\"https:\/\/ebg-schoenberg.com\/?p=14686\" data-type=\"post\" data-id=\"14686\">Exkursion zur KZ-Gedenkst\u00e4tte Neuengamme<\/a> (28.10.2024)<\/li>\n\n\n\n<li><a href=\"https:\/\/ebg-schoenberg.com\/?p=14676\" data-type=\"post\" data-id=\"14676\">Volleyballnacht am EBG Sch\u00f6nberg<\/a> (14.10.2024)<\/li>\n\n\n\n<li><a href=\"https:\/\/ebg-schoenberg.com\/?p=14645\" data-type=\"post\" data-id=\"14645\">Alle Jahre wieder\u2026, na klar!<\/a> (12.09.2024)<\/li>\n\n\n\n<li><a href=\"https:\/\/ebg-schoenberg.com\/?p=14604\" data-type=\"post\" data-id=\"14604\">Willkommen zu einem neuen Schuljahr!<\/a> (01.09.2024)<\/li>\n<\/ul>\n\n\n\n<p><\/p>\n","protected":false},"excerpt":{"rendered":"","protected":false},"author":111,"featured_media":0,"parent":0,"menu_order":0,"comment_status":"closed","ping_status":"closed","template":"","meta":{"footnotes":""},"class_list":["post-14594","page","type-page","status-publish","hentry"],"_links":{"self":[{"href":"https:\/\/ebg-schoenberg.com\/index.php?rest_route=\/wp\/v2\/pages\/14594","targetHints":{"allow":["GET"]}}],"collection":[{"href":"https:\/\/ebg-schoenberg.com\/index.php?rest_route=\/wp\/v2\/pages"}],"about":[{"href":"https:\/\/ebg-schoenberg.com\/index.php?rest_route=\/wp\/v2\/types\/page"}],"author":[{"embeddable":true,"href":"https:\/\/ebg-schoenberg.com\/index.php?rest_route=\/wp\/v2\/users\/111"}],"replies":[{"embeddable":true,"href":"https:\/\/ebg-schoenberg.com\/index.php?rest_route=%2Fwp%2Fv2%2Fcomments&post=14594"}],"version-history":[{"count":32,"href":"https:\/\/ebg-schoenberg.com\/index.php?rest_route=\/wp\/v2\/pages\/14594\/revisions"}],"predecessor-version":[{"id":15083,"href":"https:\/\/ebg-schoenberg.com\/index.php?rest_route=\/wp\/v2\/pages\/14594\/revisions\/15083"}],"wp:attachment":[{"href":"https:\/\/ebg-schoenberg.com\/index.php?rest_route=%2Fwp%2Fv2%2Fmedia&parent=14594"}],"curies":[{"name":"wp","href":"https:\/\/api.w.org\/{rel}","templated":true}]}}