{"id":13711,"date":"2023-07-13T21:18:07","date_gmt":"2023-07-13T19:18:07","guid":{"rendered":"https:\/\/ebg-schoenberg.com\/?page_id=13711"},"modified":"2023-07-13T21:18:08","modified_gmt":"2023-07-13T19:18:08","slug":"busfahrplaene","status":"publish","type":"page","link":"https:\/\/ebg-schoenberg.com\/?page_id=13711","title":{"rendered":"Busfahrpl\u00e4ne"},"content":{"rendered":"\n<p>NAHBUS informiert dar\u00fcber, dass zum 11. Dezember 2022 ein neuer Fahrplan eingef\u00fchrt wird. Diese \u00c4nderungen haben auch Auswirkungen auf einige Schulbusse.<\/p>\n\n\n\n<p><a rel=\"noreferrer noopener\" href=\"https:\/\/www.nahbus.de\/fahrplan\/fahrplansuche-nwm\" target=\"_blank\">Fahrplansuche<\/a><\/p>\n\n\n\n<p><a href=\"https:\/\/www.nahbus.de\/fileadmin\/pdf\/2022\/NAHBUS_Fahrplanheft_2023_final.pdf\" target=\"_blank\" rel=\"noreferrer noopener\">Fahrplanheft<\/a><\/p>\n","protected":false},"excerpt":{"rendered":"<p>NAHBUS informiert dar\u00fcber, dass zum 11. Dezember 2022 ein neuer Fahrplan eingef\u00fchrt wird. Diese \u00c4nderungen haben auch Auswirkungen auf einige Schulbusse. Fahrplansuche Fahrplanheft<\/p>\n","protected":false},"author":111,"featured_media":0,"parent":0,"menu_order":0,"comment_status":"closed","ping_status":"closed","template":"","meta":{"footnotes":""},"class_list":["post-13711","page","type-page","status-publish","hentry"],"_links":{"self":[{"href":"https:\/\/ebg-schoenberg.com\/index.php?rest_route=\/wp\/v2\/pages\/13711","targetHints":{"allow":["GET"]}}],"collection":[{"href":"https:\/\/ebg-schoenberg.com\/index.php?rest_route=\/wp\/v2\/pages"}],"about":[{"href":"https:\/\/ebg-schoenberg.com\/index.php?rest_route=\/wp\/v2\/types\/page"}],"author":[{"embeddable":true,"href":"https:\/\/ebg-schoenberg.com\/index.php?rest_route=\/wp\/v2\/users\/111"}],"replies":[{"embeddable":true,"href":"https:\/\/ebg-schoenberg.com\/index.php?rest_route=%2Fwp%2Fv2%2Fcomments&post=13711"}],"version-history":[{"count":1,"href":"https:\/\/ebg-schoenberg.com\/index.php?rest_route=\/wp\/v2\/pages\/13711\/revisions"}],"predecessor-version":[{"id":13712,"href":"https:\/\/ebg-schoenberg.com\/index.php?rest_route=\/wp\/v2\/pages\/13711\/revisions\/13712"}],"wp:attachment":[{"href":"https:\/\/ebg-schoenberg.com\/index.php?rest_route=%2Fwp%2Fv2%2Fmedia&parent=13711"}],"curies":[{"name":"wp","href":"https:\/\/api.w.org\/{rel}","templated":true}]}}